{"id":41,"date":"2026-01-27T16:47:16","date_gmt":"2026-01-27T14:47:16","guid":{"rendered":"https:\/\/blogs.uwasa.fi\/resilienssipolku\/?page_id=41"},"modified":"2026-01-27T20:13:34","modified_gmt":"2026-01-27T18:13:34","slug":"tervetuloa-resilienttitutkimuksen-alustan-blogiin-welcome-to-the-blog-page-of-prep-platform","status":"publish","type":"page","link":"https:\/\/blogs.uwasa.fi\/resilienssipolku\/","title":{"rendered":"Tervetuloa Resilienssitutkimuksen alustan blogiin \/ Welcome to the PREP platform&#8217;s blog"},"content":{"rendered":"<div>Resilienssitutkimuksen alustan (PREP) blogi kokoaa yhteen tutkimukseen perustuvia n\u00e4k\u00f6kulmia, k\u00e4yt\u00e4nn\u00f6n havaintoja ja ajankohtaisia keskusteluja resilienssist\u00e4. Kirjoituksissa tarkastellaan, miten yksil\u00f6t, organisaatiot ja yhteiskunnat voivat vahvistaa kest\u00e4v\u00e4\u00e4 toimintakyky\u00e4 muutosten, ep\u00e4varmuuden ja kriisien keskell\u00e4. Tavoitteena on avata ilmi\u00f6t\u00e4 monipuolisesti ja tarjota oivalluksia sek\u00e4 tutkijoille ett\u00e4 k\u00e4yt\u00e4nn\u00f6n toimijoille. Julkaisemme tekstej\u00e4 suomeksi ja englanniksi niin omilta tutkijoiltamme kuin muilta vieraskirjoittajilta.<\/div>\n<div>\n<div>&#8212;&#8212;&#8212;&#8212;&#8212;&#8212;&#8212;&#8212;&#8212;&#8212;&#8212;<\/div>\n<div>\n<p>The Preparedness and Resilience Research Platform\u2019s (PREP) blog brings together research\u2011based perspectives, practical observations, and timely discussions on resilience. The posts explore how individuals, organisations, and societies can strengthen sustainable capacity to act amid change, uncertainty, and crises. Our aim is to shed light on the phenomenon from multiple viewpoints and provide insights for both researchers and practitioners. We publish texts in Finnish and English from our research team as well as from other guest writers.<\/p>\n<\/div>\n<\/div>\n","protected":false},"excerpt":{"rendered":"<p>Resilienssitutkimuksen alustan (PREP) blogi kokoaa yhteen tutkimukseen perustuvia n\u00e4k\u00f6kulmia, k\u00e4yt\u00e4nn\u00f6n havaintoja ja ajankohtaisia keskusteluja resilienssist\u00e4. Kirjoituksissa tarkastellaan, miten yksil\u00f6t, organisaatiot ja yhteiskunnat voivat vahvistaa kest\u00e4v\u00e4\u00e4 toimintakyky\u00e4 muutosten, ep\u00e4varmuuden ja kriisien keskell\u00e4. Tavoitteena on avata ilmi\u00f6t\u00e4 monipuolisesti ja tarjota oivalluksia sek\u00e4 tutkijoille ett\u00e4 k\u00e4yt\u00e4nn\u00f6n toimijoille. Julkaisemme tekstej\u00e4 suomeksi ja englanniksi niin omilta tutkijoiltamme kuin muilta vieraskirjoittajilta. [&hellip;]<\/p>\n","protected":false},"author":611,"featured_media":0,"parent":0,"menu_order":0,"comment_status":"closed","ping_status":"closed","template":"","meta":{"_acf_changed":false,"footnotes":""},"class_list":["post-41","page","type-page","status-publish","hentry"],"acf":[],"_links":{"self":[{"href":"https:\/\/blogs.uwasa.fi\/resilienssipolku\/wp-json\/wp\/v2\/pages\/41"}],"collection":[{"href":"https:\/\/blogs.uwasa.fi\/resilienssipolku\/wp-json\/wp\/v2\/pages"}],"about":[{"href":"https:\/\/blogs.uwasa.fi\/resilienssipolku\/wp-json\/wp\/v2\/types\/page"}],"author":[{"embeddable":true,"href":"https:\/\/blogs.uwasa.fi\/resilienssipolku\/wp-json\/wp\/v2\/users\/611"}],"replies":[{"embeddable":true,"href":"https:\/\/blogs.uwasa.fi\/resilienssipolku\/wp-json\/wp\/v2\/comments?post=41"}],"version-history":[{"count":10,"href":"https:\/\/blogs.uwasa.fi\/resilienssipolku\/wp-json\/wp\/v2\/pages\/41\/revisions"}],"predecessor-version":[{"id":56,"href":"https:\/\/blogs.uwasa.fi\/resilienssipolku\/wp-json\/wp\/v2\/pages\/41\/revisions\/56"}],"wp:attachment":[{"href":"https:\/\/blogs.uwasa.fi\/resilienssipolku\/wp-json\/wp\/v2\/media?parent=41"}],"curies":[{"name":"wp","href":"https:\/\/api.w.org\/{rel}","templated":true}]}}