{"id":2,"date":"2025-09-17T15:59:55","date_gmt":"2025-09-17T12:59:55","guid":{"rendered":"https:\/\/blogs.uwasa.fi\/ajatusviiva\/?page_id=2"},"modified":"2025-09-18T12:23:14","modified_gmt":"2025-09-18T09:23:14","slug":"esimerkkisivu","status":"publish","type":"page","link":"https:\/\/blogs.uwasa.fi\/ajatusviiva\/","title":{"rendered":"Tervetuloa Vaasan yliopiston viestint\u00e4tieteiden tutkimusryhm\u00e4n blogiin!"},"content":{"rendered":"<p><img loading=\"lazy\" decoding=\"async\" class=\"size-medium wp-image-16 alignleft\" src=\"https:\/\/blogs.uwasa.fi\/ajatusviiva\/wp-content\/blogs.dir\/6\/files\/sites\/259\/2025\/09\/ajatusviiva-valahdyksia-viestinnasta-logo2-217x300.png\" alt=\"\" width=\"217\" height=\"300\" srcset=\"https:\/\/blogs.uwasa.fi\/ajatusviiva\/wp-content\/blogs.dir\/6\/files\/sites\/259\/2025\/09\/ajatusviiva-valahdyksia-viestinnasta-logo2-217x300.png 217w, https:\/\/blogs.uwasa.fi\/ajatusviiva\/wp-content\/blogs.dir\/6\/files\/sites\/259\/2025\/09\/ajatusviiva-valahdyksia-viestinnasta-logo2.png 683w\" sizes=\"(max-width: 217px) 100vw, 217px\" \/><\/p>\n<p>&nbsp;<\/p>\n<p><strong data-start=\"69\" data-end=\"105\">Viestint\u00e4tieteiden tutkimusryhm\u00e4<\/strong> tarkastelee, miten viestint\u00e4 ja media muokkaavat yhteiskuntaa, kulttuuria ja arkea. Blogissamme jaamme tutkimustuloksia, keskustelemme ajankohtaisista ilmi\u00f6ist\u00e4 ja avaamme kurkistusikkunan tieteentekoon kulissien takaa. Julkaisemme my\u00f6s matkakertomuksia tutkijoidemme vierailuista konferensseissa ja yliopistoissa. Tervetuloa seuraamaan ja osallistumaan keskusteluun viestinn\u00e4n monimuotoisesta maailmasta!<\/p>\n","protected":false},"excerpt":{"rendered":"<p>&nbsp; Viestint\u00e4tieteiden tutkimusryhm\u00e4 tarkastelee, miten viestint\u00e4 ja media muokkaavat yhteiskuntaa, kulttuuria ja arkea. Blogissamme jaamme tutkimustuloksia, keskustelemme ajankohtaisista ilmi\u00f6ist\u00e4 ja avaamme kurkistusikkunan tieteentekoon kulissien takaa. Julkaisemme my\u00f6s matkakertomuksia tutkijoidemme vierailuista konferensseissa ja yliopistoissa. Tervetuloa seuraamaan ja osallistumaan keskusteluun viestinn\u00e4n monimuotoisesta maailmasta!<\/p>\n","protected":false},"author":586,"featured_media":0,"parent":0,"menu_order":0,"comment_status":"closed","ping_status":"open","template":"","meta":{"_acf_changed":false,"footnotes":""},"class_list":["post-2","page","type-page","status-publish","hentry"],"acf":[],"_links":{"self":[{"href":"https:\/\/blogs.uwasa.fi\/ajatusviiva\/wp-json\/wp\/v2\/pages\/2"}],"collection":[{"href":"https:\/\/blogs.uwasa.fi\/ajatusviiva\/wp-json\/wp\/v2\/pages"}],"about":[{"href":"https:\/\/blogs.uwasa.fi\/ajatusviiva\/wp-json\/wp\/v2\/types\/page"}],"author":[{"embeddable":true,"href":"https:\/\/blogs.uwasa.fi\/ajatusviiva\/wp-json\/wp\/v2\/users\/586"}],"replies":[{"embeddable":true,"href":"https:\/\/blogs.uwasa.fi\/ajatusviiva\/wp-json\/wp\/v2\/comments?post=2"}],"version-history":[{"count":7,"href":"https:\/\/blogs.uwasa.fi\/ajatusviiva\/wp-json\/wp\/v2\/pages\/2\/revisions"}],"predecessor-version":[{"id":17,"href":"https:\/\/blogs.uwasa.fi\/ajatusviiva\/wp-json\/wp\/v2\/pages\/2\/revisions\/17"}],"wp:attachment":[{"href":"https:\/\/blogs.uwasa.fi\/ajatusviiva\/wp-json\/wp\/v2\/media?parent=2"}],"curies":[{"name":"wp","href":"https:\/\/api.w.org\/{rel}","templated":true}]}}